est common factor of 901 and 106.
53
What is the highest common factor of 22 and 836?
22
Calculate the highest common factor of 55 and 759.
11
Calculate the greatest common factor of 1995 and 30.
15
What is the highest common divisor of 340 and 136?
68
What is the highest common factor of 920 and 1610?
230
Calculate the highest common factor of 451 and 1107.
41
Calculate the highest common factor of 1295 and 70.
35
Calculate the greatest common factor of 16973 and 11.
11
What is the highest common factor of 5652 and 126?
18
What is the highest common divisor of 24 and 32?
8
Calculate the highest common factor of 520 and 1248.
104
Calculate the greatest common factor of 65346 and 6.
6
What is the greatest common factor of 1134 and 42?
42
Calculate the greatest common divisor of 1175 and 188.
47
Calculate the greatest common divisor of 63 and 162.
9
What is the greatest common factor of 60 and 564?
12
What is the highest common factor of 54 and 5472?
18
What is the highest common factor of 77 and 1463?
77
What is the greatest common divisor of 46 and 12?
2
What is the greatest common divisor of 84 and 42?
42
Calculate the greatest common factor of 675 and 100.
25
What is the greatest common divisor of 6 and 78?
6
What is the highest common factor of 4693 and 13?
13
What is the greatest common divisor of 836 and 44?
44
What is the greatest common factor of 2 and 13?
1
What is the greatest common factor of 4814 and 332?
166
Calculate the greatest common divisor of 16 and 272.
16
What is the greatest common divisor of 136 and 16626?
34
What is the greatest common divisor of 24 and 12?
12
Calculate the highest common factor of 84 and 105.
21
What is the highest common factor of 52 and 11414?
26
Calculate the highest common factor of 45 and 25.
5
Calculate the highest common divisor of 3 and 75.
3
What is the greatest common divisor of 1375 and 275?
275
What is the highest common factor of 486 and 297?
27
Calculate the highest common divisor of 663 and 7514.
221
Calculate the greatest common divisor of 86 and 43.
43
Calculate the greatest common divisor of 82 and 2.
2
What is the highest common divisor of 256 and 192?
64
What is the greatest common factor of 24621 and 87?
87
What is the greatest common divisor of 50 and 20?
10
What is the highest common divisor of 1147 and 93?
31
Calculate the greatest common divisor of 4 and 4.
4
What is the greatest common divisor of 282 and 1786?
94
What is the greatest common factor of 87 and 232?
29
What is the greatest common factor of 48 and 16?
16
What is the highest common divisor of 27 and 2421?
9
What is the greatest common factor of 120 and 112?
8
Calculate the highest common factor of 33 and 88.
11
What is the highest common factor of 43 and 731?
43
Calculate the greatest common factor of 98 and 14.
14
What is the highest common factor of 1485 and 45?
45
What is the greatest common factor of 1037 and 85?
17
What is the highest common divisor of 2736 and 171?
171
What is the greatest common divisor of 34 and 17?
17
Calculate the highest common factor of 232 and 754.
58
What is the greatest common divisor of 234 and 2496?
78
Calculate the highest common divisor of 396 and 99.
99
Calculate the highest common factor of 84 and 399.
21
What is the highest common divisor of 60 and 330?
30
Calculate the greatest common divisor of 68 and 38.
2
Calculate the greatest common factor of 6330 and 345.
15
What is the greatest common factor of 96 and 60?
12
What is the highest common divisor of 270 and 20?
10
What is the highest common divisor of 125 and 925?
25
Calculate the greatest common divisor of 316 and 28.
4
Calculate the highest common divisor of 472 and 59.
59
What is the greatest common divisor of 510 and 30?
30
Calculate the highest common factor of 265 and 159.
53
Calculate the highest common factor of 315 and 15.
15
What is the greatest common factor of 46 and 2645?
23
What is the greatest common divisor of 1590 and 150?
30
Calculate the highest common factor of 3681 and 1636.
409
Calculate the greatest common factor of 43 and 1247.
43
What is the highest common factor of 264 and 582?
6
What is the highest common divisor of 30 and 505?
5
Calculate the greatest common factor of 70 and 300.
10
What is the greatest common factor of 48 and 5400?
24
Calculate the greatest common factor of 256 and 160.
32
What is the greatest common factor of 156 and 6123?
39
Calculate the greatest common factor of 28590 and 60.
30
Calculate the highest common factor of 85 and 748.
17
What is the highest common factor of 10815 and 75?
15
Calculate the greatest common factor of 2220 and 180.
60
Calculate the greatest common divisor of 3321 and 243.
81
Calculate the greatest common divisor of 40 and 1480.
40
What is the highest common divisor of 25 and 15475?
25
Calculate the greatest common divisor of 286 and 117.
13
Calculate the greatest common divisor of 784 and 42.
14
What is the highest common divisor of 155 and 1581?
31
Calculate the greatest common divisor of 1763 and 43.
43
What is the greatest common factor of 318 and 7473?
159
Calculate the highest common factor of 420 and 2460.
60
What is the highest common factor of 9 and 9?
9
What is the greatest common divisor of 615 and 25?
5
Calculate the greatest common factor of 72 and 7812.
36
What is the greatest common divisor of 4964 and 876?
292
What is the greatest common factor of 1496 and 680?
136
Calculate the greatest common factor of 242 and 66.
22
Calculate the highest common factor of 817 and 129.
43
Calculate the highest common factor of 219 and 3577.
73
Calculate the highest common factor of 14 and 21854.
14
What is the greatest common factor of 104 and 6825?
13
Calculate the highest common factor of 87 and 1015.
29
Calculate the greatest common divisor of 39 and 12779.
13
What is the greatest common divisor of 58 and 2?
2
What is the highest common divisor of 1364 and 124?
124
What is the highest common divisor of 513 and 729?
27
What is the greatest common divisor of 142 and 1349?
71
What is the greatest common factor of 13 and 29549?
13
What is the greatest common factor of 901 and 17?
17
Calculate the highest common divisor of 480 and 9440.
160
Calculate the highest common factor of 4 and 324.
4
Calculate the highest common divisor of 8 and 536.
8
What is the highest common divisor of 276 and 115?
23
What is the highest common factor of 493 and 464?
29
Calculate the greatest common divisor of 255 and 1105.
85
Calculate the highest common divisor of 3040 and 4640.
160
What is the greatest common factor of 18 and 3174?
6
Calculate the highest common factor of 1778 and 70.
14
What is the greatest common factor of 42 and 30?
6
What is the highest common factor of 435 and 696?
87
Calculate the greatest common factor of 388 and 13774.
194
Calculate the greatest common divisor of 63 and 11025.
63
Calculate the greatest common factor of 51 and 204.
51
What is the greatest common factor of 22 and 506?
22
Calculate the highest common divisor of 2 and 14.
2
Calculate the greatest common divisor of 37 and 28009.
37
What is the greatest common factor of 70 and 1358?
14
Calculate the highest common factor of 2270 and 1589.
227
What is the greatest common factor of 6924 and 84?
12
Calculate the highest common factor of 187 and 143.
11
What is the highest common divisor of 75 and 3585?
15
Calculate the greatest common divisor of 868 and 1288.
28
What is the highest common divisor of 28 and 1834?
14
Calculate the greatest common divisor of 13396 and 68.
68
Calculate the greatest common factor of 3496 and 276.
92
What is the greatest common factor of 10 and 6?
2
What is the highest common divisor of 312 and 351?
39
What is the highest common divisor of 34 and 3859?
17
Calculate the greatest common factor of 2301 and 39.
39
Calculate the greatest common factor of 54 and 432.
54
What is the highest common divisor of 300 and 40?
20
What is the highest common divisor of 207 and 1518?
69
What is the highest common divisor of 2968 and 168?
56
What is the highest common divisor of 29 and 2349?
29
What is the highest common factor of 713 and 248?
31
What is the highest common factor of 8 and 520?
8
What is the greatest common divisor of 31 and 1519?
31
Calculate the highest common